{"id":148,"date":"2024-08-19T11:29:25","date_gmt":"2024-08-19T09:29:25","guid":{"rendered":"https:\/\/c-e-b-a-c.com\/?page_id=148"},"modified":"2025-04-03T16:02:26","modified_gmt":"2025-04-03T14:02:26","slug":"assistance-reception-travaux","status":"publish","type":"page","link":"https:\/\/c-e-b-a-c.com\/index.php\/assistance-reception-travaux\/","title":{"rendered":"Assistance R\u00e9ception Travaux"},"content":{"rendered":"\n<main class=\"wp-block-group\" style=\"margin-top:0;margin-bottom:0\"><div class=\"wp-block-group__inner-container is-layout-flow wp-block-group-is-layout-flow\">\n<div class=\"wp-block-cover\" style=\"min-height:600px;aspect-ratio:unset;\"><span aria-hidden=\"true\" class=\"wp-block-cover__background has-secondary-background-color has-background-dim-70 has-background-dim\"><\/span><img loading=\"lazy\" decoding=\"async\" width=\"600\" height=\"366\" sizes=\"(max-width: 600px) 100vw, 600px\" class=\"wp-block-cover__image-background wp-image-83\" alt=\"\" src=\"https:\/\/c-e-b-a-c.com\/wp-content\/uploads\/2024\/08\/8-renovation-energetique.jpg\" data-object-fit=\"cover\" srcset=\"https:\/\/c-e-b-a-c.com\/wp-content\/uploads\/2024\/08\/8-renovation-energetique.jpg 600w, https:\/\/c-e-b-a-c.com\/wp-content\/uploads\/2024\/08\/8-renovation-energetique-300x183.jpg 300w\" \/><div class=\"wp-block-cover__inner-container is-layout-constrained wp-block-cover-is-layout-constrained\">\n<div class=\"wp-block-group\"><div class=\"wp-block-group__inner-container is-layout-constrained wp-block-group-is-layout-constrained\">\n<h1 class=\"wp-block-heading has-text-align-center has-xx-large-font-size\" style=\"font-style:normal;font-weight:700\">Comment se d\u00e9roule la r\u00e9ception travaux ?<\/h1>\n\n\n\n<p>Assistance R\u00e9ception Travaux est tout simplement le moment ou&nbsp;le maitre d\u2019ouvrage&nbsp;accepte les travaux r\u00e9alis\u00e9s par le ma\u00eetre d\u2019\u0153uvre. Une fois cette phase pass\u00e9e, vous devenez responsable de votre logement.<\/p>\n\n\n\n<p>Par la suite, le ma\u00eetre d\u2019\u0153uvre est dans l\u2019obligation de vous accompagner pour identifier les potentielles malfa\u00e7ons. Si aucun probl\u00e8me n\u2019est \u00e0 d\u00e9clarer, il doit soumettre \u00e0 votre approbation l\u2019ouvrage r\u00e9alis\u00e9 avant de vous demander de r\u00e9gler les travaux.<\/p>\n\n\n\n<h2 class=\"wp-block-heading\">Se faire assister pour la r\u00e9ception de travaux<\/h2>\n\n\n\n<p>Lors de la\u00a0r\u00e9ception\u00a0de travaux, vous avez la possibilit\u00e9 de vous faire assister par un professionnel de la construction. Dans le cas o\u00f9 le propri\u00e9taire remarque des vices lors de la r\u00e9ception de travaux, il a 8 jours pour \u00e9tablir une demande aupr\u00e8s du constructeur. Dans le cas o\u00f9 aucun vice n\u2019est d\u00e9clar\u00e9, le montant des travaux sera sold\u00e9 par la suite. La r\u00e9ception de travaux accompagn\u00e9s par un professionnel permet au propri\u00e9taire de\u00a0valider\u00a0ou non, le chantier r\u00e9alis\u00e9 par le constructeur.<\/p>\n\n\n\n<h2 class=\"wp-block-heading\">R\u00e9ception travaux : quels sont les contr\u00f4les a effectuer ?<\/h2>\n\n\n\n<p class=\"has-text-align-center\">Lors de la r\u00e9ception il faut rester tr\u00e8s attentif aux diff\u00e9rentes malfa\u00e7ons. C\u2019est \u00e0 ce moment pr\u00e9cis que vous pouvez pointer les moindres probl\u00e8mes. Lors du contr\u00f4le il est important de se munir du contrat de travaux. En effet, les travaux r\u00e9alis\u00e9s doivent correspondre aux crit\u00e8res stipul\u00e9s dans le contrat. Il est judicieux de v\u00e9rifier l\u2019ensemble des&nbsp;installations&nbsp;: \u00e9lectricit\u00e9, chauffage, eau etc. Mais aussi les menuiseries : portes et fen\u00eatres.<\/p>\n<\/div><\/div>\n<\/div><\/div>\n<\/div><\/main>\n\n\n\n<div class=\"wp-block-group service-section\" style=\"margin-top:0;margin-bottom:0;padding-top:70px;padding-right:var(--wp--preset--spacing--10);padding-bottom:70px;padding-left:var(--wp--preset--spacing--10)\"><div class=\"wp-block-group__inner-container is-layout-constrained wp-container-core-group-is-layout-adfc1aa5 wp-block-group-is-layout-constrained\">\n<div class=\"wp-block-group\"><div class=\"wp-block-group__inner-container is-layout-constrained wp-container-core-group-is-layout-e4eaaeb1 wp-block-group-is-layout-constrained\">\n<h2 class=\"wp-block-heading has-text-align-center has-accent-2-color has-text-color has-link-color wp-elements-1a54451c7d60c49c65592ce033142d78\" style=\"font-style:normal;font-weight:700\">&nbsp;la r\u00e9ception travaux ?<\/h2>\n\n\n\n<p class=\"has-text-align-center\" style=\"font-size:16px\">La r\u00e9ception des travaux est tout simplement le moment ou&nbsp;le maitre d\u2019ouvrage&nbsp;accepte les travaux r\u00e9alis\u00e9s par le ma\u00eetre d\u2019\u0153uvre.<\/p>\n<\/div><\/div>\n\n\n\n<div class=\"wp-block-columns is-layout-flex wp-container-core-columns-is-layout-69cf8084 wp-block-columns-is-layout-flex\" style=\"margin-top:var(--wp--preset--spacing--40)\">\n<div class=\"wp-block-column has-border-radius o-anim-hover has-contrast-2-background-color has-background is-layout-flow wp-block-column-is-layout-flow\" style=\"padding-top:var(--wp--preset--spacing--20);padding-right:var(--wp--preset--spacing--20);padding-bottom:var(--wp--preset--spacing--20);padding-left:var(--wp--preset--spacing--20)\">\n<h2 class=\"wp-block-heading\" style=\"font-size:18px;font-style:normal;font-weight:600\">LITIGE CONSTRUCTION OU RENOVATION<\/h2>\n\n\n\n<p style=\"font-size:16px\">Un litige est une contestation pouvant donner suite \u00e0 un proc\u00e8s. Lorsqu\u2019il y a un litige dans la construction de son logement (maison ou appartement), il est imp\u00e9ratif de faire appel \u00e0 un professionnel. Il est important de savoir que le ma\u00eetre d\u2019ouvrage doit souscrire \u00e0 la&nbsp;garantie dommage-ouvrage&nbsp;avant de r\u00e9aliser des travaux. Cette garantie permet au propri\u00e9taire d\u2019\u00eatre indemnis\u00e9 par l\u2019assurance en cas de litige dans la construction de sa maison ou de son appartement.<\/p>\n<\/div>\n\n\n\n<div class=\"wp-block-column has-border-radius o-anim-hover has-contrast-2-background-color has-background is-layout-flow wp-block-column-is-layout-flow\" style=\"padding-top:var(--wp--preset--spacing--20);padding-right:var(--wp--preset--spacing--20);padding-bottom:var(--wp--preset--spacing--20);padding-left:var(--wp--preset--spacing--20)\">\n<h2 class=\"wp-block-heading\" style=\"font-size:18px;font-style:normal;font-weight:600\">ACHAT SUR PLAN<\/h2>\n\n\n\n<p style=\"font-size:16px\">L\u2019achat sur plan est aussi appel\u00e9 vente en l\u2019\u00e9tat futur d\u2019ach\u00e8vement (VEFA)&nbsp;permet au futur propri\u00e9taire d\u2019acheter un bien immobilier avant sa construction.&nbsp;Un achat sur plan a de nombreux avantages. En effet, il permet \u00e0 l\u2019acheteur d\u2019acqu\u00e9rir un logement neuf r\u00e9pondant aux nouvelles&nbsp;normes&nbsp;et sans aucun travaux \u00e0 pr\u00e9voir avant plusieurs ann\u00e9es. De plus, les&nbsp;frais de notaire&nbsp;sont r\u00e9duits et le paiement se fait de fa\u00e7on \u00e9chelonn\u00e9e sur plusieurs mois. Enfin, l\u2019acqu\u00e9reur peut personnaliser son bien. Par exemple, il peut choisir le rev\u00eatement des sols ainsi que l\u2019emplacement des prises.<\/p>\n<\/div>\n\n\n\n<div class=\"wp-block-column has-border-radius o-anim-hover has-contrast-2-background-color has-background is-layout-flow wp-block-column-is-layout-flow\" style=\"padding-top:var(--wp--preset--spacing--20);padding-right:var(--wp--preset--spacing--20);padding-bottom:var(--wp--preset--spacing--20);padding-left:var(--wp--preset--spacing--20)\">\n<h2 class=\"wp-block-heading\" style=\"font-size:18px;font-style:normal;font-weight:600\">CONSTRUIRE SA MAISON<\/h2>\n\n\n\n<p style=\"font-size:16px\">Nos conseils pour faire construire sa maison en toute s\u00e9r\u00e9nit\u00e9. Il est important de suivre les travaux et d\u2019\u00eatre inform\u00e9 s\u2019il y a des&nbsp;probl\u00e9matiques&nbsp;ou des changements. Pour cela, le mieux est de choisir un constructeur sur qui vous pouvez compter et qui est r\u00e9guli\u00e8rement joignable. Soyez organis\u00e9, r\u00e9gulariser tous vos documents avant de vous lancer dans les travaux. V\u00e9rifier que tout est en ordre, que les&nbsp;garanties&nbsp;soient officialis\u00e9es etc.<\/p>\n<\/div>\n<\/div>\n\n\n\n<div class=\"wp-block-columns is-layout-flex wp-container-core-columns-is-layout-e27c1ab9 wp-block-columns-is-layout-flex\" style=\"margin-top:var(--wp--preset--spacing--10)\">\n<div class=\"wp-block-column has-border-radius has-contrast-2-background-color has-background is-layout-flow wp-block-column-is-layout-flow\" style=\"padding-top:var(--wp--preset--spacing--20);padding-right:var(--wp--preset--spacing--20);padding-bottom:var(--wp--preset--spacing--20);padding-left:var(--wp--preset--spacing--20)\">\n<h2 class=\"wp-block-heading\" style=\"font-size:18px;font-style:normal;font-weight:600\">RECEPTION MAISON NEUVE CCMI<\/h2>\n\n\n\n<p style=\"font-size:16px\">Il faut savoir que le contrat CCMI est le plus s\u00fbr. En effet, votre maison sera prot\u00e9g\u00e9e par diff\u00e9rentes garanties. Ce contrat vous garantit une livraison \u00e0 prix et d\u00e9lai convenu. De plus, si vous faites face \u00e0 des probl\u00e8mes de construction 1 an apr\u00e8s l\u2019ann\u00e9e des travaux, ces derniers sont pris en charge par le constructeur. Enfin l\u2019une des garanties du contrat : la&nbsp;garantie d\u00e9cennale&nbsp;prot\u00e8ge votre maison pendant 10 ans.<\/p>\n<\/div>\n\n\n\n<div class=\"wp-block-column has-border-radius has-contrast-2-background-color has-background is-layout-flow wp-block-column-is-layout-flow\" style=\"padding-top:var(--wp--preset--spacing--20);padding-right:var(--wp--preset--spacing--20);padding-bottom:var(--wp--preset--spacing--20);padding-left:var(--wp--preset--spacing--20)\">\n<h2 class=\"wp-block-heading\" style=\"font-size:18px;font-style:normal;font-weight:600\">RECEPTION MAISON VEFA<\/h2>\n\n\n\n<p style=\"font-size:16px\">Nos conseils pour la livraison de votre appartement VEFA : vous devez v\u00e9rifier qu\u2019il n\u2019y a pas de malfa\u00e7ons ou de litiges. Pour constater la conformit\u00e9 de l\u2019appartement VEFA, il est possible de faire appel \u00e0 un&nbsp;professionnel. Celui-ci vous assistera et vous aidera \u00e0 v\u00e9rifier, comprendre et \u00e9tablir les d\u00e9marches n\u00e9cessaires, si besoin. Comme vous l\u2019avez compris, la livraison de l\u2019appartement VEFA n\u2019est pas la derni\u00e8re \u00e9tape. Vous avez jusqu\u2019\u00e0 30 jours pour effectuer des v\u00e9rifications et constater des potentielles malfa\u00e7ons dans l\u2019appartement VEFA.&nbsp;<\/p>\n<\/div>\n\n\n\n<div class=\"wp-block-column has-border-radius has-contrast-2-background-color has-background is-layout-flow wp-block-column-is-layout-flow\" style=\"padding-top:var(--wp--preset--spacing--20);padding-right:var(--wp--preset--spacing--20);padding-bottom:var(--wp--preset--spacing--20);padding-left:var(--wp--preset--spacing--20)\">\n<h2 class=\"wp-block-heading\" style=\"font-size:18px;font-style:normal;font-weight:600\">RECEPTION DE TRAVAUX<\/h2>\n\n\n\n<p style=\"font-size:16px\">Lors de la&nbsp;r\u00e9ception&nbsp;de travaux, vous avez la possibilit\u00e9 de vous faire assister par un professionnel de la construction. Dans le cas o\u00f9 le propri\u00e9taire remarque des vices lors de la r\u00e9ception de travaux, il a 8 jours pour \u00e9tablir une demande aupr\u00e8s du constructeur. Dans le cas o\u00f9 aucun vice n\u2019est d\u00e9clar\u00e9, le montant des travaux sera sold\u00e9 par la suite. La r\u00e9ception de travaux accompagn\u00e9s par un professionnel permet au propri\u00e9taire de&nbsp;valider&nbsp;ou non, le chantier r\u00e9alis\u00e9 par le constructeur.<\/p>\n<\/div>\n<\/div>\n<\/div><\/div>\n\n\n\n<div class=\"wp-block-group alignfull has-background-color\" style=\"margin-top:0;margin-bottom:0;padding-top:var(--wp--preset--spacing--40);padding-right:var(--wp--preset--spacing--30);padding-bottom:var(--wp--preset--spacing--40);padding-left:var(--wp--preset--spacing--30)\"><div class=\"wp-block-group__inner-container is-layout-constrained wp-container-core-group-is-layout-5d2f8bdc wp-block-group-is-layout-constrained\">\n<div class=\"wp-block-group alignwide is-content-justification-space-between is-layout-flex wp-container-core-group-is-layout-b585a4aa wp-block-group-is-layout-flex\">\n<div class=\"wp-block-group is-layout-flex wp-block-group-is-layout-flex\"><h1 class=\"wp-block-site-title has-small-font-size\"><a href=\"https:\/\/c-e-b-a-c.com\" target=\"_self\" rel=\"home\">C.E B&amp;C<\/a><\/h1><\/div>\n\n\n\n<p class=\"has-small-font-size\"> Proudly powered by <a rel=\"nofollow\" href=\"https:\/\/wordpress.org\">WordPress<\/a> <\/p>\n<\/div>\n<\/div><\/div>\n","protected":false},"excerpt":{"rendered":"<p>&nbsp;la r\u00e9ception travaux ? La r\u00e9ception des travaux est tout simplement le moment ou&nbsp;le maitre d\u2019ouvrage&nbsp;accepte les travaux r\u00e9alis\u00e9s par le ma\u00eetre d\u2019\u0153uvre. LITIGE CONSTRUCTION OU RENOVATION Un litige est une contestation pouvant donner suite \u00e0 un proc\u00e8s. Lorsqu\u2019il y a un litige dans la construction de son logement (maison ou appartement), il est imp\u00e9ratif [&hellip;]<\/p>\n","protected":false},"author":1,"featured_media":0,"parent":0,"menu_order":1,"comment_status":"closed","ping_status":"closed","template":"","meta":{"saved_in_kubio":false,"footnotes":""},"class_list":["post-148","page","type-page","status-publish","hentry"],"kubio_ai_page_context":{"short_desc":"","purpose":"general"},"yoast_head":"<!-- This site is optimized with the Yoast SEO plugin v27.5 - https:\/\/yoast.com\/product\/yoast-seo-wordpress\/ -->\n<title>Assistance R\u00e9ception Travaux<\/title>\n<meta name=\"description\" content=\"Assistance R\u00e9ception Travaux est tout simplement le moment ou\u00a0le maitre d\u2019ouvrage\u00a0accepte les travaux r\u00e9alis\u00e9s par le ma\u00eetre d\u2019\u0153uvre.\" \/>\n<meta name=\"robots\" content=\"index, follow, max-snippet:-1, max-image-preview:large, max-video-preview:-1\" \/>\n<link rel=\"canonical\" href=\"https:\/\/c-e-b-a-c.com\/index.php\/assistance-reception-travaux\/\" \/>\n<meta property=\"og:locale\" content=\"fr_FR\" \/>\n<meta property=\"og:type\" content=\"article\" \/>\n<meta property=\"og:title\" content=\"Assistance R\u00e9ception Travaux\" \/>\n<meta property=\"og:description\" content=\"Assistance R\u00e9ception Travaux est tout simplement le moment ou\u00a0le maitre d\u2019ouvrage\u00a0accepte les travaux r\u00e9alis\u00e9s par le ma\u00eetre d\u2019\u0153uvre.\" \/>\n<meta property=\"og:url\" content=\"https:\/\/c-e-b-a-c.com\/index.php\/assistance-reception-travaux\/\" \/>\n<meta property=\"og:site_name\" content=\"C.E B&amp;C\" \/>\n<meta property=\"article:modified_time\" content=\"2025-04-03T14:02:26+00:00\" \/>\n<meta property=\"og:image\" content=\"https:\/\/c-e-b-a-c.com\/wp-content\/uploads\/2024\/08\/8-renovation-energetique.jpg\" \/>\n\t<meta property=\"og:image:width\" content=\"600\" \/>\n\t<meta property=\"og:image:height\" content=\"366\" \/>\n\t<meta property=\"og:image:type\" content=\"image\/jpeg\" \/>\n<meta name=\"twitter:card\" content=\"summary_large_image\" \/>\n<meta name=\"twitter:label1\" content=\"Dur\u00e9e de lecture estim\u00e9e\" \/>\n\t<meta name=\"twitter:data1\" content=\"5 minutes\" \/>\n<script type=\"application\/ld+json\" class=\"yoast-schema-graph\">{\"@context\":\"https:\\\/\\\/schema.org\",\"@graph\":[{\"@type\":\"WebPage\",\"@id\":\"https:\\\/\\\/c-e-b-a-c.com\\\/index.php\\\/assistance-reception-travaux\\\/\",\"url\":\"https:\\\/\\\/c-e-b-a-c.com\\\/index.php\\\/assistance-reception-travaux\\\/\",\"name\":\"Assistance R\u00e9ception Travaux\",\"isPartOf\":{\"@id\":\"https:\\\/\\\/c-e-b-a-c.com\\\/#website\"},\"primaryImageOfPage\":{\"@id\":\"https:\\\/\\\/c-e-b-a-c.com\\\/index.php\\\/assistance-reception-travaux\\\/#primaryimage\"},\"image\":{\"@id\":\"https:\\\/\\\/c-e-b-a-c.com\\\/index.php\\\/assistance-reception-travaux\\\/#primaryimage\"},\"thumbnailUrl\":\"https:\\\/\\\/c-e-b-a-c.com\\\/wp-content\\\/uploads\\\/2024\\\/08\\\/8-renovation-energetique.jpg\",\"datePublished\":\"2024-08-19T09:29:25+00:00\",\"dateModified\":\"2025-04-03T14:02:26+00:00\",\"description\":\"Assistance R\u00e9ception Travaux est tout simplement le moment ou\u00a0le maitre d\u2019ouvrage\u00a0accepte les travaux r\u00e9alis\u00e9s par le ma\u00eetre d\u2019\u0153uvre.\",\"breadcrumb\":{\"@id\":\"https:\\\/\\\/c-e-b-a-c.com\\\/index.php\\\/assistance-reception-travaux\\\/#breadcrumb\"},\"inLanguage\":\"fr-FR\",\"potentialAction\":[{\"@type\":\"ReadAction\",\"target\":[\"https:\\\/\\\/c-e-b-a-c.com\\\/index.php\\\/assistance-reception-travaux\\\/\"]}]},{\"@type\":\"ImageObject\",\"inLanguage\":\"fr-FR\",\"@id\":\"https:\\\/\\\/c-e-b-a-c.com\\\/index.php\\\/assistance-reception-travaux\\\/#primaryimage\",\"url\":\"https:\\\/\\\/c-e-b-a-c.com\\\/wp-content\\\/uploads\\\/2024\\\/08\\\/8-renovation-energetique.jpg\",\"contentUrl\":\"https:\\\/\\\/c-e-b-a-c.com\\\/wp-content\\\/uploads\\\/2024\\\/08\\\/8-renovation-energetique.jpg\",\"width\":600,\"height\":366},{\"@type\":\"BreadcrumbList\",\"@id\":\"https:\\\/\\\/c-e-b-a-c.com\\\/index.php\\\/assistance-reception-travaux\\\/#breadcrumb\",\"itemListElement\":[{\"@type\":\"ListItem\",\"position\":1,\"name\":\"Accueil\",\"item\":\"https:\\\/\\\/c-e-b-a-c.com\\\/\"},{\"@type\":\"ListItem\",\"position\":2,\"name\":\"Assistance R\u00e9ception Travaux\"}]},{\"@type\":\"WebSite\",\"@id\":\"https:\\\/\\\/c-e-b-a-c.com\\\/#website\",\"url\":\"https:\\\/\\\/c-e-b-a-c.com\\\/\",\"name\":\"c.e b&c\",\"description\":\"UN EXPERT EN TOUTE IMPARTIALITE..\",\"publisher\":{\"@id\":\"https:\\\/\\\/c-e-b-a-c.com\\\/#organization\"},\"potentialAction\":[{\"@type\":\"SearchAction\",\"target\":{\"@type\":\"EntryPoint\",\"urlTemplate\":\"https:\\\/\\\/c-e-b-a-c.com\\\/?s={search_term_string}\"},\"query-input\":{\"@type\":\"PropertyValueSpecification\",\"valueRequired\":true,\"valueName\":\"search_term_string\"}}],\"inLanguage\":\"fr-FR\"},{\"@type\":\"Organization\",\"@id\":\"https:\\\/\\\/c-e-b-a-c.com\\\/#organization\",\"name\":\"c.e b&c\",\"url\":\"https:\\\/\\\/c-e-b-a-c.com\\\/\",\"logo\":{\"@type\":\"ImageObject\",\"inLanguage\":\"fr-FR\",\"@id\":\"https:\\\/\\\/c-e-b-a-c.com\\\/#\\\/schema\\\/logo\\\/image\\\/\",\"url\":\"https:\\\/\\\/c-e-b-a-c.com\\\/wp-content\\\/uploads\\\/2024\\\/08\\\/cropped-LOGO-CEBC1.jpg\",\"contentUrl\":\"https:\\\/\\\/c-e-b-a-c.com\\\/wp-content\\\/uploads\\\/2024\\\/08\\\/cropped-LOGO-CEBC1.jpg\",\"width\":512,\"height\":512,\"caption\":\"c.e b&c\"},\"image\":{\"@id\":\"https:\\\/\\\/c-e-b-a-c.com\\\/#\\\/schema\\\/logo\\\/image\\\/\"}}]}<\/script>\n<!-- \/ Yoast SEO plugin. -->","yoast_head_json":{"title":"Assistance R\u00e9ception Travaux","description":"Assistance R\u00e9ception Travaux est tout simplement le moment ou\u00a0le maitre d\u2019ouvrage\u00a0accepte les travaux r\u00e9alis\u00e9s par le ma\u00eetre d\u2019\u0153uvre.","robots":{"index":"index","follow":"follow","max-snippet":"max-snippet:-1","max-image-preview":"max-image-preview:large","max-video-preview":"max-video-preview:-1"},"canonical":"https:\/\/c-e-b-a-c.com\/index.php\/assistance-reception-travaux\/","og_locale":"fr_FR","og_type":"article","og_title":"Assistance R\u00e9ception Travaux","og_description":"Assistance R\u00e9ception Travaux est tout simplement le moment ou\u00a0le maitre d\u2019ouvrage\u00a0accepte les travaux r\u00e9alis\u00e9s par le ma\u00eetre d\u2019\u0153uvre.","og_url":"https:\/\/c-e-b-a-c.com\/index.php\/assistance-reception-travaux\/","og_site_name":"C.E B&amp;C","article_modified_time":"2025-04-03T14:02:26+00:00","og_image":[{"width":600,"height":366,"url":"https:\/\/c-e-b-a-c.com\/wp-content\/uploads\/2024\/08\/8-renovation-energetique.jpg","type":"image\/jpeg"}],"twitter_card":"summary_large_image","twitter_misc":{"Dur\u00e9e de lecture estim\u00e9e":"5 minutes"},"schema":{"@context":"https:\/\/schema.org","@graph":[{"@type":"WebPage","@id":"https:\/\/c-e-b-a-c.com\/index.php\/assistance-reception-travaux\/","url":"https:\/\/c-e-b-a-c.com\/index.php\/assistance-reception-travaux\/","name":"Assistance R\u00e9ception Travaux","isPartOf":{"@id":"https:\/\/c-e-b-a-c.com\/#website"},"primaryImageOfPage":{"@id":"https:\/\/c-e-b-a-c.com\/index.php\/assistance-reception-travaux\/#primaryimage"},"image":{"@id":"https:\/\/c-e-b-a-c.com\/index.php\/assistance-reception-travaux\/#primaryimage"},"thumbnailUrl":"https:\/\/c-e-b-a-c.com\/wp-content\/uploads\/2024\/08\/8-renovation-energetique.jpg","datePublished":"2024-08-19T09:29:25+00:00","dateModified":"2025-04-03T14:02:26+00:00","description":"Assistance R\u00e9ception Travaux est tout simplement le moment ou\u00a0le maitre d\u2019ouvrage\u00a0accepte les travaux r\u00e9alis\u00e9s par le ma\u00eetre d\u2019\u0153uvre.","breadcrumb":{"@id":"https:\/\/c-e-b-a-c.com\/index.php\/assistance-reception-travaux\/#breadcrumb"},"inLanguage":"fr-FR","potentialAction":[{"@type":"ReadAction","target":["https:\/\/c-e-b-a-c.com\/index.php\/assistance-reception-travaux\/"]}]},{"@type":"ImageObject","inLanguage":"fr-FR","@id":"https:\/\/c-e-b-a-c.com\/index.php\/assistance-reception-travaux\/#primaryimage","url":"https:\/\/c-e-b-a-c.com\/wp-content\/uploads\/2024\/08\/8-renovation-energetique.jpg","contentUrl":"https:\/\/c-e-b-a-c.com\/wp-content\/uploads\/2024\/08\/8-renovation-energetique.jpg","width":600,"height":366},{"@type":"BreadcrumbList","@id":"https:\/\/c-e-b-a-c.com\/index.php\/assistance-reception-travaux\/#breadcrumb","itemListElement":[{"@type":"ListItem","position":1,"name":"Accueil","item":"https:\/\/c-e-b-a-c.com\/"},{"@type":"ListItem","position":2,"name":"Assistance R\u00e9ception Travaux"}]},{"@type":"WebSite","@id":"https:\/\/c-e-b-a-c.com\/#website","url":"https:\/\/c-e-b-a-c.com\/","name":"c.e b&c","description":"UN EXPERT EN TOUTE IMPARTIALITE..","publisher":{"@id":"https:\/\/c-e-b-a-c.com\/#organization"},"potentialAction":[{"@type":"SearchAction","target":{"@type":"EntryPoint","urlTemplate":"https:\/\/c-e-b-a-c.com\/?s={search_term_string}"},"query-input":{"@type":"PropertyValueSpecification","valueRequired":true,"valueName":"search_term_string"}}],"inLanguage":"fr-FR"},{"@type":"Organization","@id":"https:\/\/c-e-b-a-c.com\/#organization","name":"c.e b&c","url":"https:\/\/c-e-b-a-c.com\/","logo":{"@type":"ImageObject","inLanguage":"fr-FR","@id":"https:\/\/c-e-b-a-c.com\/#\/schema\/logo\/image\/","url":"https:\/\/c-e-b-a-c.com\/wp-content\/uploads\/2024\/08\/cropped-LOGO-CEBC1.jpg","contentUrl":"https:\/\/c-e-b-a-c.com\/wp-content\/uploads\/2024\/08\/cropped-LOGO-CEBC1.jpg","width":512,"height":512,"caption":"c.e b&c"},"image":{"@id":"https:\/\/c-e-b-a-c.com\/#\/schema\/logo\/image\/"}}]}},"_links":{"self":[{"href":"https:\/\/c-e-b-a-c.com\/index.php\/wp-json\/wp\/v2\/pages\/148","targetHints":{"allow":["GET"]}}],"collection":[{"href":"https:\/\/c-e-b-a-c.com\/index.php\/wp-json\/wp\/v2\/pages"}],"about":[{"href":"https:\/\/c-e-b-a-c.com\/index.php\/wp-json\/wp\/v2\/types\/page"}],"author":[{"embeddable":true,"href":"https:\/\/c-e-b-a-c.com\/index.php\/wp-json\/wp\/v2\/users\/1"}],"replies":[{"embeddable":true,"href":"https:\/\/c-e-b-a-c.com\/index.php\/wp-json\/wp\/v2\/comments?post=148"}],"version-history":[{"count":5,"href":"https:\/\/c-e-b-a-c.com\/index.php\/wp-json\/wp\/v2\/pages\/148\/revisions"}],"predecessor-version":[{"id":661,"href":"https:\/\/c-e-b-a-c.com\/index.php\/wp-json\/wp\/v2\/pages\/148\/revisions\/661"}],"wp:attachment":[{"href":"https:\/\/c-e-b-a-c.com\/index.php\/wp-json\/wp\/v2\/media?parent=148"}],"curies":[{"name":"wp","href":"https:\/\/api.w.org\/{rel}","templated":true}]}}